n 63 is divided by 15.
3
What is the remainder when 479 is divided by 24?
23
What is the remainder when 486 is divided by 61?
59
Calculate the remainder when 9288 is divided by 19.
16
What is the remainder when 1100 is divided by 58?
56
What is the remainder when 1661 is divided by 48?
29
What is the remainder when 4357 is divided by 39?
28
What is the remainder when 845 is divided by 7?
5
Calculate the remainder when 40 is divided by 12.
4
What is the remainder when 386 is divided by 367?
19
Calculate the remainder when 192 is divided by 20.
12
What is the remainder when 1609 is divided by 62?
59
Calculate the remainder when 169 is divided by 35.
29
Calculate the remainder when 2550 is divided by 11.
9
What is the remainder when 238 is divided by 68?
34
Calculate the remainder when 117 is divided by 75.
42
Calculate the remainder when 2231 is divided by 1063.
105
Calculate the remainder when 86 is divided by 37.
12
Calculate the remainder when 1802 is divided by 600.
2
Calculate the remainder when 426 is divided by 189.
48
What is the remainder when 345 is divided by 112?
9
Calculate the remainder when 321 is divided by 109.
103
Calculate the remainder when 90 is divided by 49.
41
What is the remainder when 11878 is divided by 11?
9
What is the remainder when 12065 is divided by 9?
5
What is the remainder when 90 is divided by 23?
21
Calculate the remainder when 260 is divided by 30.
20
What is the remainder when 773 is divided by 130?
123
Calculate the remainder when 730 is divided by 146.
0
Calculate the remainder when 4977 is divided by 26.
11
What is the remainder when 61 is divided by 9?
7
Calculate the remainder when 512 is divided by 40.
32
What is the remainder when 309 is divided by 176?
133
What is the remainder when 1030 is divided by 202?
20
Calculate the remainder when 1491 is divided by 148.
11
Calculate the remainder when 171 is divided by 2.
1
Calculate the remainder when 619 is divided by 122.
9
Calculate the remainder when 5415 is divided by 126.
123
What is the remainder when 188 is divided by 87?
14
Calculate the remainder when 6312 is divided by 301.
292
Calculate the remainder when 251 is divided by 56.
27
What is the remainder when 221 is divided by 121?
100
Calculate the remainder when 293 is divided by 13.
7
Calculate the remainder when 30 is divided by 24.
6
What is the remainder when 198 is divided by 42?
30
Calculate the remainder when 28 is divided by 5.
3
What is the remainder when 904 is divided by 3?
1
What is the remainder when 2047 is divided by 34?
7
What is the remainder when 661 is divided by 150?
61
Calculate the remainder when 3104 is divided by 27.
26
Calculate the remainder when 177 is divided by 86.
5
Calculate the remainder when 215 is divided by 17.
11
Calculate the remainder when 493 is divided by 261.
232
What is the remainder when 323 is divided by 82?
77
What is the remainder when 59 is divided by 8?
3
What is the remainder when 398 is divided by 216?
182
What is the remainder when 2235 is divided by 16?
11
What is the remainder when 2001 is divided by 13?
12
Calculate the remainder when 270 is divided by 13.
10
What is the remainder when 72 is divided by 29?
14
What is the remainder when 1089 is divided by 5?
4
What is the remainder when 123 is divided by 25?
23
What is the remainder when 376 is divided by 95?
91
Calculate the remainder when 1505 is divided by 43.
0
What is the remainder when 4321 is divided by 19?
8
Calculate the remainder when 24 is divided by 13.
11
Calculate the remainder when 376 is divided by 173.
30
Calculate the remainder when 594 is divided by 67.
58
What is the remainder when 35 is divided by 12?
11
What is the remainder when 17 is divided by 6?
5
What is the remainder when 2874 is divided by 23?
22
What is the remainder when 65 is divided by 4?
1
What is the remainder when 53 is divided by 11?
9
What is the remainder when 862 is divided by 18?
16
Calculate the remainder when 1145 is divided by 164.
161
What is the remainder when 546 is divided by 256?
34
What is the remainder when 299 is divided by 30?
29
What is the remainder when 342 is divided by 198?
144
Calculate the remainder when 21337 is divided by 220.
217
What is the remainder when 14 is divided by 11?
3
What is the remainder when 178 is divided by 21?
10
What is the remainder when 543 is divided by 29?
21
Calculate the remainder when 34 is divided by 26.
8
Calculate the remainder when 13118 is divided by 205.
203
Calculate the remainder when 334 is divided by 50.
34
What is the remainder when 187 is divided by 67?
53
Calculate the remainder when 234 is divided by 26.
0
Calculate the remainder when 3254 is divided by 9.
5
Calculate the remainder when 127 is divided by 32.
31
What is the remainder when 3831 is divided by 27?
24
Calculate the remainder when 163 is divided by 24.
19
What is the remainder when 938 is divided by 115?
18
What is the remainder when 248 is divided by 2?
0
Calculate the remainder when 135 is divided by 34.
33
What is the remainder when 761 is divided by 96?
89
What is the remainder when 590 is divided by 169?
83
Calculate the remainder when 1920 is divided by 209.
39
What is the remainder when 10 is divided by 5?
0
Calculate the remainder when 904 is divided by 50.
4
What is the remainder when 3683 is divided by 3?
2
What is the remainder when 573 is divided by 7?
6
What is the remainder when 1164 is divided by 290?
4
What is the remainder when 242 is divided by 81?
80
Calculate the remainder when 9392 is divided by 853.
9
Calculate the remainder when 950 is divided by 17.
15
What is the remainder when 157 is divided by 27?
22
What is the remainder when 66 is divided by 6?
0
Calculate the remainder when 214 is divided by 54.
52
What is the remainder when 538 is divided by 36?
34
Calculate the remainder when 349 is divided by 124.
101
What is the remainder when 401 is divided by 27?
23
Calculate the remainder when 1294 is divided by 59.
55
What is the remainder when 251 is divided by 9?
8
Calculate the remainder when 192 is divided by 43.
20
What is the remainder when 123 is divided by 118?
5
What is the remainder when 128 is divided by 7?
2
What is the remainder when 787 is divided by 53?
45
Calculate the remainder when 637 is divided by 35.
7
Calculate the remainder when 71 is divided by 20.
11
Calculate the remainder when 1186 is divided by 41.
38
Calculate the remainder when 1609 is divided by 526.
31
Calculate the remainder when 10078 is divided by 240.
238
What is the remainder when 1045 is divided by 118?
101
What is the remainder when 714 is divided by 240?
234
What is the remainder when 959 is divided by 13?
10
What is the remainder when 8181 is divided by 2723?
12
What is the remainder when 161 is divided by 49?
14
What is the remainder when 275 is divided by 218?
57
What is the remainder when 2377 is divided by 119?
116
Calculate the remainder when 1716 is divided by 10.
6
What is the remainder when 539 is divided by 165?
44
What is the remainder when 260 is divided by 67?
59
What is the remainder when 138 is divided by 5?
3
What is the remainder when 147 is divided by 32?
19
Calculate the remainder when 224 is divided by 39.
29
Calculate the remainder when 1272 is divided by 25.
22
Calculate the remainder when 1078 is divided by 265.
18
Calculate the remainder when 2536 is divided by 47.
45
Calculate the remainder when 824 is divided by 52.
44
Calculate the remainder when 1189 is divided by 499.
191
What is the remainder when 812 is divided by 248?
68
What is the remainder when 433 is divided by 66?
37
What is the remainder when 230 is divided by 39?
35
What is the remainder when 1455 is divided by 209?
201
Calculate the remainder when 398 is divided by 194.
10
What is the remainder when 95 is divided by 49?
46
What is the remainder when 62 is divided by 23?
16
What is the remainder when 209 is divided by 92?
25
Calculate the remainder when 234 is divided by 119.
115
What is the remainder when 2939 is divided by 147?
146
What is the remainder when 616 is divided by 10?
6
Calculate the remainder when 271 is divided by 23.
18
What is the remainder when 88 is divided by 2?
0
Calculate the remainder when 437 is divided by 223.
214
What is the remainder when 26 is divided